emainder when 93 is divided by 15?
3
Calculate the remainder when 492 is divided by 31.
27
What is the remainder when 85 is divided by 32?
21
Calculate the remainder when 270 is divided by 177.
93
What is the remainder when 216 is divided by 17?
12
What is the remainder when 1965 is divided by 13?
2
Calculate the remainder when 437 is divided by 49.
45
What is the remainder when 201 is divided by 54?
39
Calculate the remainder when 131 is divided by 66.
65
Calculate the remainder when 158 is divided by 41.
35
Calculate the remainder when 98 is divided by 25.
23
Calculate the remainder when 183 is divided by 30.
3
What is the remainder when 689 is divided by 16?
1
What is the remainder when 73 is divided by 22?
7
What is the remainder when 114 is divided by 23?
22
What is the remainder when 51 is divided by 6?
3
Calculate the remainder when 767 is divided by 253.
8
What is the remainder when 226 is divided by 133?
93
Calculate the remainder when 414 is divided by 52.
50
Calculate the remainder when 558 is divided by 12.
6
Calculate the remainder when 184 is divided by 48.
40
What is the remainder when 259 is divided by 64?
3
What is the remainder when 583 is divided by 283?
17
Calculate the remainder when 166 is divided by 43.
37
What is the remainder when 161 is divided by 41?
38
What is the remainder when 320 is divided by 107?
106
Calculate the remainder when 298 is divided by 13.
12
Calculate the remainder when 1631 is divided by 319.
36
What is the remainder when 684 is divided by 98?
96
Calculate the remainder when 113 is divided by 6.
5
What is the remainder when 880 is divided by 14?
12
What is the remainder when 1006 is divided by 126?
124
Calculate the remainder when 100 is divided by 6.
4
Calculate the remainder when 121 is divided by 32.
25
What is the remainder when 144 is divided by 76?
68
What is the remainder when 209 is divided by 18?
11
What is the remainder when 260 is divided by 16?
4
What is the remainder when 327 is divided by 31?
17
Calculate the remainder when 1147 is divided by 32.
27
What is the remainder when 194 is divided by 47?
6
Calculate the remainder when 432 is divided by 8.
0
Calculate the remainder when 133 is divided by 33.
1
What is the remainder when 782 is divided by 218?
128
Calculate the remainder when 2338 is divided by 87.
76
What is the remainder when 442 is divided by 154?
134
Calculate the remainder when 228 is divided by 222.
6
Calculate the remainder when 526 is divided by 30.
16
What is the remainder when 806 is divided by 81?
77
Calculate the remainder when 3153 is divided by 145.
108
Calculate the remainder when 387 is divided by 23.
19
Calculate the remainder when 291 is divided by 156.
135
What is the remainder when 523 is divided by 58?
1
What is the remainder when 33 is divided by 30?
3
What is the remainder when 527 is divided by 24?
23
What is the remainder when 819 is divided by 23?
14
What is the remainder when 257 is divided by 7?
5
What is the remainder when 1435 is divided by 120?
115
Calculate the remainder when 671 is divided by 52.
47
What is the remainder when 2261 is divided by 114?
95
What is the remainder when 25202 is divided by 31?
30
What is the remainder when 349 is divided by 13?
11
Calculate the remainder when 773 is divided by 52.
45
What is the remainder when 61 is divided by 32?
29
Calculate the remainder when 69 is divided by 41.
28
What is the remainder when 38 is divided by 7?
3
Calculate the remainder when 346 is divided by 117.
112
Calculate the remainder when 3277 is divided by 82.
79
Calculate the remainder when 430 is divided by 46.
16
What is the remainder when 1663 is divided by 129?
115
What is the remainder when 6448 is divided by 215?
213
What is the remainder when 103 is divided by 52?
51
Calculate the remainder when 3091 is divided by 182.
179
What is the remainder when 204 is divided by 25?
4
What is the remainder when 1609 is divided by 35?
34
Calculate the remainder when 17441 is divided by 89.
86
What is the remainder when 854 is divided by 5?
4
What is the remainder when 363 is divided by 193?
170
Calculate the remainder when 422 is divided by 70.
2
Calculate the remainder when 305 is divided by 18.
17
What is the remainder when 115 is divided by 60?
55
Calculate the remainder when 4421 is divided by 342.
317
Calculate the remainder when 12837 is divided by 131.
130
What is the remainder when 2476 is divided by 37?
34
Calculate the remainder when 819 is divided by 41.
40
What is the remainder when 562 is divided by 188?
186
What is the remainder when 119 is divided by 5?
4
What is the remainder when 28 is divided by 7?
0
What is the remainder when 4507 is divided by 129?
121
What is the remainder when 1401 is divided by 27?
24
What is the remainder when 169 is divided by 152?
17
What is the remainder when 2010 is divided by 20?
10
What is the remainder when 17791 is divided by 16?
15
Calculate the remainder when 635 is divided by 12.
11
Calculate the remainder when 94 is divided by 90.
4
What is the remainder when 14 is divided by 1?
0
What is the remainder when 211 is divided by 9?
4
Calculate the remainder when 155 is divided by 26.
25
What is the remainder when 1669 is divided by 56?
45
What is the remainder when 12634 is divided by 78?
76
Calculate the remainder when 613 is divided by 15.
13
What is the remainder when 1238 is divided by 37?
17
Calculate the remainder when 182 is divided by 26.
0
What is the remainder when 4 is divided by 2?
0
Calculate the remainder when 489 is divided by 82.
79
What is the remainder when 20 is divided by 3?
2
What is the remainder when 517 is divided by 21?
13
Calculate the remainder when 4434 is divided by 111.
105
What is the remainder when 275 is divided by 10?
5
What is the remainder when 20017 is divided by 182?
179
What is the remainder when 1484 is divided by 18?
8
What is the remainder when 83 is divided by 79?
4
What is the remainder when 200 is divided by 67?
66
Calculate the remainder when 831 is divided by 410.
11
What is the remainder when 1094 is divided by 369?
356
What is the remainder when 38 is divided by 4?
2
What is the remainder when 247 is divided by 67?
46
What is the remainder when 322 is divided by 17?
16
What is the remainder when 4425 is divided by 41?
38
What is the remainder when 1047 is divided by 75?
72
Calculate the remainder when 122 is divided by 58.
6
What is the remainder when 817 is divided by 10?
7
What is the remainder when 2467 is divided by 190?
187
What is the remainder when 2461 is divided by 8?
5
Calculate the remainder when 1645 is divided by 97.
93
Calculate the remainder when 23025 is divided by 29.
28
Calculate the remainder when 5331 is divided by 55.
51
Calculate the remainder when 548 is divided by 29.
26
Calculate the remainder when 163 is divided by 48.
19
What is the remainder when 5021 is divided by 162?
161
Calculate the remainder when 1499 is divided by 495.
14
Calculate the remainder when 800 is divided by 3.
2
Calculate the remainder when 264 is divided by 80.
24
What is the remainder when 478 is divided by 13?
10
Calculate the remainder when 369 is divided by 94.
87
What is the remainder when 37510 is divided by 36?
34
Calculate the remainder when 90 is divided by 30.
0
Calculate the remainder when 1883 is divided by 24.
11
What is the remainder when 8566 is divided by 153?
151
Calculate the remainder when 46 is divided by 16.
14
What is the remainder when 1969 is divided by 34?
31
What is the remainder when 52 is divided by 41?
11
Calculate the remainder when 8123 is divided by 26.
11
What is the remainder when 276 is divided by 8?
4
What is the remainder when 16 is divided by 5?
1
What is the remainder when 194 is divided by 28?
26
What is the remainder when 17 is divided by 10?
7
Calculate the remainder when 40 is divided by 16.
8
Calculate the remainder when 166 is divided by 43.
37
Calculate the remainder when 59 is divided by 5.
4
What is the remainder when 840 is divided by 47?
41
Calculate the remainder when 877 is divided by 123.
16
What is the remainder when 2194 is divided by 18?
16
What is the remainder when 89 is divided by 40?
9
What is the remainder when 349 is divided by 8?
5
What is the remainder when 1912 is divided by 1910?
2
